).
-2
Let a(v) = 2*v**3 - 142*v**2 - 147*v + 298. Determine a(72).
82
Let l(b) = 2*b + 19. Give l(-8).
3
Let y(o) = 4*o + 572. Calculate y(-19).
496
Let d(v) = -v**3 + 7*v**2 + v + 9. Determine d(10).
-281
Let m(n) = -n**2 + 2*n - 52. Calculate m(10).
-132
Let k(w) = -w**3 + 29*w**2 + 40*w + 68. Give k(30).
368
Let x(t) = -41*t + 2309. Give x(55).
54
Let h(d) = 198*d - 2020. Give h(10).
-40
Let p(d) = d**3 - 13*d**2 + 35*d - 44. Calculate p(10).
6
Let v(z) = -3217*z - 32193. Give v(-10).
-23
Let i(l) = -991*l + 63. Calculate i(0).
63
Let p(i) = -3*i**3 - 18*i**2 - 24*i + 7. What is p(-4)?
7
Let i(h) = 718*h + 5737. Give i(-8).
-7
Let f(d) = -38*d**3 - 2*d**2 + 7*d + 9. What is f(-1)?
38
Let r(s) = 338*s + 2016. Determine r(-6).
-12
Let f(l) = 43*l**2 - 9*l - 24. Calculate f(-2).
166
Let f(y) = 6*y**2 + 66*y + 150. Calculate f(-8).
6
Let v(m) = -m**2 - 2486*m + 250553. Determine v(97).
2
Let g(b) = 10*b + 25. Determine g(-7).
-45
Let q(m) = -m**2 - 11*m - 26. Determine q(-3).
-2
Let d(w) = -72*w - 720. Give d(-10).
0
Let u(o) = -o**2 - 134*o + 272. Give u(2).
0
Let u(o) = -o**2 + 41*o + 441. Determine u(-9).
-9
Let v(r) = -41*r - 2041. Calculate v(-50).
9
Let q(r) = 22*r + 1487. Give q(-64).
79
Let w(g) = -353*g + 6680. Calculate w(19).
-27
Let o(z) = 2*z**3 - 59*z**2 + 22*z + 211. Give o(29).
8
Let w(l) = -2037*l + 10182. Determine w(5).
-3
Let k(i) = 340*i**2 - 4*i + 4. Give k(1).
340
Let v(g) = -12*g**2 + 31*g - 22. Determine v(7).
-393
Let q(c) = 40*c - 2156. Give q(53).
-36
Let w(o) = -3*o**3 - 287*o**2 - 189*o + 89. Determine w(-95).
-6
Let q(y) = -y**2 + 14*y + 44. Give q(20).
-76
Let h(t) = 88*t + 2551. Give h(-29).
-1
Let d(f) = -f**2 - 7*f + 111. Calculate d(14).
-183
Let p(m) = m**2 - 94*m + 1726. What is p(68)?
-42
Let l(t) = 11*t + 1. Calculate l(-10).
-109
Let r(y) = -400*y + 21203. Calculate r(53).
3
Let f(q) = -q**2 + 20*q + 1003. Give f(-23).
14
Let t(f) = -3*f**3 + 28*f**2 + 34*f - 51. Determine t(10).
89
Let k(b) = 8*b**2 + 61*b - 114. Give k(2).
40
Let n(k) = 20*k - 574. Give n(37).
166
Let y(z) = 6*z + 226. What is y(-38)?
-2
Let r(t) = 31*t - 726. What is r(23)?
-13
Let g(s) = -s**2 - 151*s - 5672. Calculate g(-77).
26
Let t(v) = 4*v**2 + 406*v + 2635. Determine t(-7).
-11
Let j(h) = -h**3 + 30*h**2 + 18*h - 560. Calculate j(30).
-20
Let u(r) = r**3 + 37*r**2 - 686*r - 1803. Calculate u(-50).
-3
Let l(i) = 3*i**2 - 496*i - 3980. Determine l(173).
-1
Let m(t) = -11*t + 188. Give m(31).
-153
Let p(i) = -563*i + 29844. Give p(53).
5
Let a(b) = 4*b**3 + 15*b**2 - 7*b - 3. Give a(-4).
9
Let y(p) = -p**3 - 14*p**2 - 30*p + 12. Determine y(-11).
-21
Let y(r) = -26*r + 238. Give y(9).
4
Let b(y) = -94*y - 664. What is b(-8)?
88
Let u(s) = -3*s**3 - 51*s**2 + 46*s - 142. What is u(-18)?
2
Let h(j) = -11*j**2 - 10*j - 14. Give h(-6).
-350
Let s(z) = z**2 + 2*z - 19. Give s(-5).
-4
Let x(y) = 3*y + 263. Give x(-38).
149
Let c(p) = 2*p**3 - 45*p**2 + 65*p - 946. What is c(22)?
0
Let t(u) = -19*u + 83. Calculate t(22).
-335
Let h(k) = -k**3 + 9*k**2 + 12*k - 95. Give h(5).
65
Let d(l) = -96*l - 849. Give d(-9).
15
Let z(x) = x**3 + 9*x**2 - 162*x - 12. Calculate z(-17).
430
Let t(s) = -17*s**2 - 629*s - 11. What is t(-37)?
-11
Let o(f) = f**2 + 5*f + 12. What is o(-2)?
6
Let j(c) = 197*c - 587. What is j(3)?
4
Let h(w) = -14*w**3 - 75*w + 74. What is h(1)?
-15
Let t(u) = -u**2 - 16*u + 426. Calculate t(-30).
6
Let u(j) = 13*j - 529. Give u(37).
-48
Let p(l) = -l**3 + 6*l**2 - 19*l + 24. What is p(4)?
-20
Let j(l) = -411*l - 10691. Determine j(-26).
-5
Let s(h) = -48*h - 420. Determine s(-10).
60
Let w(q) = 6*q**3 - 59*q**2 + 8*q - 180. What is w(10)?
0
Let n(v) = -72*v - 186. Give n(-3).
30
Let a(i) = -i**2 + 13*i - 11. Give a(17).
-79
Let n(w) = 5*w**3 - 86*w**2 + 100*w - 1488. Give n(17).
-77
Let r(q) = q**3 - 6*q**2 + 2097*q - 12565. What is r(6)?
17
Let b(s) = -s**3 + 29*s**2 - 46*s + 503. What is b(28)?
-1
Let l(i) = 76*i - 330. Calculate l(5).
50
Let a(k) = k**2 + 38*k - 16. What is a(0)?
-16
Let u(v) = -102*v + 18058. Calculate u(177).
4
Let p(x) = 1419*x - 7080. Calculate p(5).
15
Let w(q) = -2*q**2 - 29*q - 96. Calculate w(-10).
-6
Let c(x) = -x**2 - 30*x - 105. Determine c(-23).
56
Let t(i) = i**3 - 6*i**2 + 156*i - 437. Determine t(3).
4
Let o(g) = g**2 - 2*g - 31. Calculate o(8).
17
Let l(h) = 2*h**3 + 18*h**2 - 64*h - 585. Calculate l(-9).
-9
Let h(k) = 2*k**3 - 17*k**2 + 96*k - 707. What is h(8)?
-3
Let d(k) = -46*k + 433. What is d(9)?
19
Let w(k) = -k**3 - 21*k**2 + 131*k + 8. Calculate w(-26).
-18
Let y(g) = -2*g**3 + 139*g + 276. Determine y(-2).
14
Let z(g) = -6*g**2 + 112*g - 506. Determine z(5).
-96
Let y(p) = 81*p + 6976. Determine y(-86).
10
Let z(h) = h**3 - 6*h**2 + 16*h - 57. What is z(5)?
-2
Let o(v) = 6*v**2 + 193*v + 1061. Determine o(-25).
-14
Let t(r) = 1974*r - 29608. Determine t(15).
2
Let w(s) = -46*s**2 + 155*s - 155. What is w(1)?
-46
Let w(l) = -39*l**2 - 19*l + 20. Determine w(1).
-38
Let m(h) = -h**3 - 106*h**2 - 686*h + 56. Give m(-7).
7
Let m(i) = -23*i + 255. What is m(9)?
48
Let m(v) = 822*v - 6569. Give m(8).
7
Let r(j) = 68*j - 3801. Give r(58).
143
Let m(y) = -y**3 - 12*y**2 - 21*y + 25. Calculate m(-4).
-19
Let d(n) = 119*n**2 - 110*n - 3. Determine d(1).
6
Let m(w) = -w**3 - 17*w**2 - 77. What is m(-17)?
-77
Let x(j) = j**3 + 33*j**2 + 144*j + 114. What is x(-28)?
2
Let b(r) = r**3 - 16*r**2 + 91*r - 321. Determine b(8).
-105
Let f(r) = 157*r + 432. What is f(-3)?
-39
Let o(k) = -70*k - 1559. What is o(-22)?
-19
Let h(b) = 4*b + 151. Determine h(-21).
67
Let k(f) = 16*f - 1323. Determine k(84).
21
Let j(t) = 2*t**2 + 50*t + 329. Determine j(-12).
17
Let c(t) = -65*t + 2019. Determine c(31).
4
Let o(i) = -2700*i + 24280. Give o(9).
-20
Let x(t) = 410*t**3 - 6*t**2 - 12*t - 6. Calculate x(-1).
-410
Let x(u) = -51*u - 6. What is x(1)?
-57
Let l(d) = -52*d - 395. Give l(-7).
-31
Let k(q) = 6*q**2 + 59*q + 109. Give k(-8).
21
Let b(w) = -136*w - 249. What is b(-2)?
23
Let h(v) = -98*v**2 + 14211*v - 129. What is h(145)?
16
Let o(k) = -k**2 - 314*k - 8014. What is o(-28)?
-6
Let r(b) = -b**3 - 12*b**2 + 12*b - 107. What is r(-14)?
117
Let w(h) = -h**3 + 3*h**2 + h. Determine w(6).
-102
Let i(d) = 2*d**3 - 11*d**2 + 5*d - 1. Determine i(8).
359
Let o(b) = -176*b - 44. Give o(-2).
308
Let g(n) = -n**3 + 3*n**2 + 10*n - 100. What is g(6)?
-148
Let v(m) = -59*m + 6508. Calculate v(112).
-100
Let x(y) = 6*y**2 - 115*y - 112. What is x(20)?
-12
Let k(o) = 2*o**3 + 36*o**2 - 37*o - 4. What is k(-19)?
-23
Let l(i) = -9*i**2 - 54*i - 2. Give l(-6).
-2
Let p(q) = -24*q**2 + 207*q + 214. Calculate p(-1).
-17
Let p(a) = 3018*a - 2996. Give p(1).
22
Let z(v) = 2*v**3 - 37*v**2 + 30*v - 77. Calculate z(18).
139
Let h(m) = -m**3 - 39*m**2 + 47*m + 191. Give h(-40).
-89
Let c(i) = -112*i - 3. Give c(1).
-115
Let l(y) = y**3 + 63*y**2 + 121*y - 71. What is l(-61)?
-10
Let n(o) = 14*o + 650. What is n(-47)?
-8
Let a(t) = -4*t**2 - 31*t - 10. Determine a(-7).
11
Let q(x) = -2*x**3 + 24*x**2 - 41*x + 16. Calculate q(10).
6
Let w(y) = -2416*y - 16893. What is w(-7)?
19
Let m(w) = -w**3 + 10*w**2 + 144*w - 421. What is m(17)?
4
Let c(l) = -l**3 - 50*l**2 - 146*l - 77. What is c(-47)?
158
Let c(x) = 270*x + 311. What is c(-1)?
41
Let g(n) = -324*n + 966. What is g(3)?
-6
Let f(y) = -y**2 - 3*y + 69. What is f(9)?
-39
Let l(u) = 354*u + 4. Calculate l(0).
4
Let o(m) = 7*m + 72. Calculate o(-13).
-19
Let q(z) = -20*z**2 - 31*z + 62. What is q(2)?
-80
Let p(b) = -5047*b + 15172. Give p(3).
31
Let m(w) = -w**2 + 29*w + 338. Calculate m(-10).
-52
Let i(n) = 53*n + 1107. Give i(-20).
47
Let k(w) = -w**2 - 31*w - 219. Give k(-13).
15
Let q(j) = 47*j**2 - 1876*j + 13. Give q(40).
173
Let b(i) = -26*i - 57. Calculate b(6).
-213
Let b(l) = -687*l + 1390. What is b(2)?
16
Let n(h) = h**3 - 165*h**2 - 1025*h - 172. Give n(171).
-1
Let j(w) = -119*w - 3966. What is j(-33)?
-39
Let c(i) = -6*i - 86. What is c(-34)?
118
Let r(n) = -n**2 - 62*n + 125. Calculate r(-61).
186
Let d(g) = 1517*g - 7686. Determine d(5).
-101
Let u(m) = -m**3 - 190*m**2 - 397*m - 3947. Determine u(-188).
1
Let h(g) = g**3 - 39*g**2 - 84*g + 81. What is h(41)?
-1
Let z(y) = 2*y**2 - 4*y - 158. Give z(0).
-158
Let w(j) = 1495*j + 56823. Determine w(-38)